 - j - 1. Let x(m) be the second derivative of -2*m**3/3 - m**2 - 16*m. Let y(r) = -f(r) + x(r). What is the units digit of y(-8)?
7
Let y = -338 - -643. Let n = y + -21. What is the hundreds digit of n?
2
Let r be (-4)/38 + ((-480)/(-76))/3. Suppose 0 = 4*g - r*i - 102, -g + 4*i + 8 = -7. What is the units digit of g?
7
Let z(b) = -5*b**3 + 10*b**2 - 4*b - 17. Let n = -322 + 317. What is the tens digit of z(n)?
7
Let g be ((-5)/(-4))/((-7)/(-2576)). Suppose 0 = -13*r + 47 + 18. Suppose 5*u = 0, g = r*f + u + u. What is the units digit of f?
2
Let w(a) = -1758*a**3 - 2*a**2 - 16*a - 31. What is the ten thousands digit of w(-2)?
1
Let w = -17594 + 28230. What is the ten thousands digit of w?
1
Suppose -y - 2*y = 3*p - 41076, 54767 = 4*y + 5*p. What is the thousands digit of y?
3
Suppose -7*g - 18*g + 365757 = -4*g. What is the tens digit of g?
1
Let k = -102349 + 193061. What is the tens digit of k?
1
Suppose 2*q - 37586 = 4*v, -10*v + 40 = -15*v. What is the thousands digit of q?
8
Let c = -7128 + 36646. What is the ten thousands digit of c?
2
Let j = -406 - -1392. Let f = -561 + j. What is the tens digit of f/9 + 28/(-126)?
4
Suppose x - 88 = -i, 6*x + 2*i = 5*x + 83. Suppose 0 = -v + x + 464. What is the hundreds digit of v?
5
Let o be 25/(-10)*32/(-10). Suppose -o*u + 769 = -47. What is the tens digit of u?
0
Let z be (5/((-90)/4))/((-5)/45). Let d(u) = z*u**2 + u + 20*u**3 - 15 + 21 - 8. What is the units digit of d(2)?
8
Suppose -135*m - 2*b + 4707 = -132*m, -2*b = -2*m + 3158. What is the units digit of m?
3
Suppose -2*c + 4 = 0, 3*j = 8*j + 3*c - 26. Let w be (-3)/(-2 + 2/j). Suppose -2*f + 0*f = 4*q, 0 = 5*f + w*q - 40. What is the tens digit of f?
1
Suppose 73*k - 72*k + 4*m - 7395 = 0, -5*k + 36994 = m. What is the hundreds digit of k?
3
Let b = -13614 + 24165. What is the hundreds digit of b?
5
Let c be -4 + (-993)/4 + (-1)/(-4). Let g = 336 - c. What is the tens digit of g?
8
What is the units digit of (-72 - 1893)*(-1 - 2)?
5
Let b(g) = 131*g**2 + 74*g - 680. What is the ten thousands digit of b(14)?
2
Suppose -4402 - 9014 = -18*g + 5502. What is the hundreds digit of g?
0
Suppose -3*s = -4*g - g, 14*g = 11*g. Let x(q) = -2*q**2 - 2*q - 12. Let r(m) = m**2 + m. Let y(a) = -r(a) - x(a). What is the tens digit of y(s)?
1
What is the thousands digit of (30896305/(-3410))/(((3/2)/(-3))/1)?
8
Suppose 2*z + 39340 - 133208 = -4*l, 0 = 4*l + z - 93862. What is the thousands digit of l?
3
Let x = -3043 + 14059. What is the thousands digit of x?
1
Suppose 4*f + 17 = 13. Let y(l) = -177*l**3 - 2*l - 1. What is the hundreds digit of y(f)?
1
Suppose y = -0*y + 1450. Suppose 2*k - 2*d - 722 = k, 0 = 2*k - d - y. What is the hundreds digit of k?
7
Let i be 21/6*12/21. Suppose -2050 = -i*u + 2*b, -1494 - 1584 = -3*u + 4*b. Suppose -17*d = -3*d - u. What is the units digit of d?
3
Let l(g) = -878*g - 1246. What is the tens digit of l(-7)?
0
Let k(q) = -3*q**2 + 2*q**2 - 198*q + 9 + 2*q**3 - 7 + 199*q. Let z = 6 + -4. What is the units digit of k(z)?
6
What is the hundreds digit of (11449/3)/((-2)/(-3)) - (-19)/(-38)?
7
Let g(h) = -195*h**3 - 24*h - 73. What is the hundreds digit of g(-3)?
2
Suppose -23 = 3*c + g, -2*c + 6*c + 39 = -3*g. Suppose 0 = -o + 2*i + 16, -o + 4*i + 56 = 3*o. What is the units digit of o/c + (-1 - -14)?
1
Suppose 23 = -19*w + 118. Suppose -u + 177 = w*y, 62 = 2*y - 7*u + 3*u. Suppose 360 = y*a - 31*a. What is the tens digit of a?
9
Let i(c) = 313*c**2 - 152*c + 1676. What is the units digit of i(14)?
6
Suppose 5*r = -5*g + 7775, -5109 = -5*g - 2*r + 2678. Let d = -531 + g. Suppose -3*v + a + a + 776 = 0, 4*v - a - d = 0. What is the tens digit of v?
5
Let z = 3548 + -167. What is the units digit of z?
1
Let o be (-6235)/((-25)/5) - 2. Let d = o - 448. Suppose 2*v + d = 3*z, -3*z - v = v - 817. What is the tens digit of z?
6
Let q = -13 + 19. Let j = -142 + q. Let x = -75 - j. What is the tens digit of x?
6
Let g = -14 + 14. Suppose g = -11*c + 17*c - 270. Suppose 0 = 2*l + 2*p - 121 - c, 429 = 5*l - 2*p. What is the units digit of l?
5
Suppose -5*h + 10 = 2*p, 4*h + 4*p - 2 = 3*h. Suppose -5*j = 3*g - 2*j - 15, -3*j + 5 = g. What is the units digit of (-70)/(-4) - (g/h + -2)?
7
Let q = 4848 - -12421. What is the thousands digit of q?
7
Let a be ((-16)/(-4))/((-1)/(-4)). Let f be ((-24)/a)/((-6)/20). Let v(i) = i**2 + 3*i. What is the units digit of v(f)?
0
Let b(c) be the third derivative of c**4/12 + 6*c**3 - 12*c**2. Let t be b(-16). Suppose -5 = -t*n + 119. What is the tens digit of n?
3
Suppose 771 = -3*y + b + 235, 0 = -2*y + 3*b - 355. Let t = -663 + 939. Let q = y + t. What is the tens digit of q?
9
Let z = -23 + 35. Suppose -z*c + 162 + 1110 = 0. What is the tens digit of c?
0
What is the thousands digit of (5/(-110))/(4/(-48)) - 1240789/(-121)?
0
Let p(u) be the third derivative of u**4/6 - 25*u**3/6 - 6*u**2. Let q be p(10). Suppose q - 80 = -s. What is the units digit of s?
5
Suppose 0 = 3*y - 12 - 3, -4*c + 39 = -y. Suppose -m + 24 = -5*i, 2*i - 92 + 3 = -3*m. Suppose 2*q - m = c. What is the units digit of q?
0
What is the units digit of 46/(-10) - 33/(-55) - -9787?
3
Let g = -9200 - -16443. What is the units digit of g?
3
Let y(a) = -a**2 + 20*a - 2. Let w be y(19). Suppose 0 = -x + 26 + w. Let r = 23 + x. What is the units digit of r?
6
Let f = -157 - -159. Suppose f*w = 10, 0 = -5*m - 16*w + 13*w + 165. What is the tens digit of m?
3
Let d be 187/(-231)*-6 + 1/7. Suppose 0 = -2*l + d*p + 874, -2*p = -p. What is the units digit of l?
7
Let o = -163 - -329. Let s(u) = -u**3 - 2*u**2 - u. Let f be s(-1). Suppose o = 2*w - 3*r, f = w - 3*r + 7*r - 61. What is the tens digit of w?
7
Suppose c = 2*i + 7048, -c + 4*i = 2*c - 21156. What is the tens digit of c?
6
Suppose 8*c - 991 = -327. Let m = 80 - -5. Suppose -i = -c - m. What is the hundreds digit of i?
1
Let f(b) = 1 + 0*b**2 + 3*b**2 - b**3 + b - 3*b**2. Let p(x) = -2*x**2 - 6*x - 6. Let z(k) = 4*f(k) + p(k). What is the units digit of z(-2)?
6
Let r be (-4*2)/(10/15). Let y = 7 + r. What is the tens digit of ((-6)/y)/((-3)/(-165))?
6
Let k be (0 + -3)/(1/(5 - (5 + 1))). Suppose -m + 754 = 4*f, -3*f = 3*m + m - 2990. Suppose -146 + m = k*i. What is the hundreds digit of i?
2
Let c(m) = -309*m**3 - m**2 - 2*m. Suppose 5*q - 3 = -8. What is the units digit of c(q)?
0
Suppose 2*p + 3*d - 16404 = 0, -39*d + 36*d = 3*p - 24612. What is the thousands digit of p?
8
What is the units digit of (-10)/(320/(-153544)) + 1/(-12)*3?
8
Suppose 61*i + 45*i - 6605696 = 254730. What is the hundreds digit of i?
7
Let z(c) = -c**3 - 3*c**2 - 4*c - 3. Let n be z(-2). Let k(f) be the first derivative of 95*f**4/4 - f**3/3 + f**2 - 2*f + 93. What is the units digit of k(n)?
4
Suppose 258*l + 2644999 - 7028935 = 0. What is the hundreds digit of l?
9
Let p(x) be the third derivative of 7*x**5/6 - x**4/6 + 2*x**3 + 68*x**2. What is the tens digit of p(3)?
3
Let i = 87237 - 22403. What is the thousands digit of i?
4
Let t(p) = 331*p**2 - 152*p + 45. What is the ten thousands digit of t(9)?
2
Suppose -z - 154 = -1116. Let l = z - 187. What is the tens digit of l?
7
Suppose 0 = 10*g - 4*g - 30. Suppose -1017 = g*d - 3547. Let s = d - 291. What is the units digit of s?
5
What is the tens digit of (-4)/36 + 43434512/990 + 8/(-60)?
7
Suppose -15*b + 57 = -33. Let z be (-2 + -1 - 0) + 12. What is the hundreds digit of 2672/12 - b/z?
2
Let s(l) = 4066*l + 3087. What is the hundreds digit of s(5)?
4
What is the thousands digit of (-135)/54*(-7444)/5?
3
Suppose 0 = 3*h - 0*h + 3*c - 1626, -h = 3*c - 540. What is the tens digit of -2 + 7 + -4 + h?
4
Suppose 0 = -6*u + 2*u + 8. Suppose -496 = -2*p + 3*p + s, -u*s = -4*p - 1996. What is the hundreds digit of (p/(-8))/(70/16 - 4)?
1
Let c(y) = y**3 + 8*y**2 - 5*y + 15. Suppose -j - 24 = 3*j - 3*s, -5*s - 6 = j. Let l be -14*(6/4 - j/(-6)). What is the units digit of c(l)?
9
Suppose -11651 = 48*t - 252131. What is the thousands digit of t?
5
Let m be (-4)/((-24)/9) + 1515/30. Let j = m + 165. What is the hundreds digit of j?
2
What is the hundreds digit of (-18)/(-24)*-1 - (-4)/((-48)/(-82257))?
8
Suppose 0 = -2*a + 5*w + 15, 4*a = w - 0*w + 21. Suppose 2*d - d = -2*z + 620, a*d = z + 3078. What is the units digit of d?
6
Let i = 84 + -87. Let